{"id":422,"date":"2025-03-07T15:45:02","date_gmt":"2025-03-07T15:45:02","guid":{"rendered":"https:\/\/www.inedithome.com\/?page_id=422"},"modified":"2025-03-09T21:52:54","modified_gmt":"2025-03-09T21:52:54","slug":"blog-2","status":"publish","type":"page","link":"https:\/\/www.inedithome.com\/?page_id=422","title":{"rendered":"BLOG 2"},"content":{"rendered":"\n<p class=\"has-x-large-font-size\"> <strong>\u00bfQu\u00e9 precio de venta tiene tu vivienda?<\/strong><\/p>\n\n\n\n<figure class=\"wp-block-image size-large\"><img loading=\"lazy\" decoding=\"async\" width=\"576\" height=\"1024\" src=\"https:\/\/www.inedithome.com\/wp-content\/uploads\/2025\/03\/CF94F9B5-6FEF-4D5E-858C-245D3EEC7656-576x1024.jpg\" alt=\"\" class=\"wp-image-436\" srcset=\"https:\/\/www.inedithome.com\/wp-content\/uploads\/2025\/03\/CF94F9B5-6FEF-4D5E-858C-245D3EEC7656-576x1024.jpg 576w, https:\/\/www.inedithome.com\/wp-content\/uploads\/2025\/03\/CF94F9B5-6FEF-4D5E-858C-245D3EEC7656-169x300.jpg 169w, https:\/\/www.inedithome.com\/wp-content\/uploads\/2025\/03\/CF94F9B5-6FEF-4D5E-858C-245D3EEC7656-768x1365.jpg 768w, https:\/\/www.inedithome.com\/wp-content\/uploads\/2025\/03\/CF94F9B5-6FEF-4D5E-858C-245D3EEC7656-864x1536.jpg 864w, https:\/\/www.inedithome.com\/wp-content\/uploads\/2025\/03\/CF94F9B5-6FEF-4D5E-858C-245D3EEC7656-1152x2048.jpg 1152w, https:\/\/www.inedithome.com\/wp-content\/uploads\/2025\/03\/CF94F9B5-6FEF-4D5E-858C-245D3EEC7656.jpg 1290w\" sizes=\"auto, (max-width: 576px) 100vw, 576px\" \/><\/figure>\n\n\n\n<p><\/p>\n\n\n\n<p><strong>Blog 2: \u00bfQu\u00e9 precio de venta tiene tu vivienda?<\/strong><\/p>\n\n\n\n<p>Si queremos poner en venta nuestra vivienda, la primera pregunta que nos haremos es el precio que debemos ponerle. Aunque en realidad, la cuesti\u00f3n m\u00e1s importante que nos deber\u00edamos plantear es saber cu\u00e1l es el valor real de la vivienda, que no ser\u00e1 el que nosotros queremos poner sino el que el comprador est\u00e1 dispuesto a pagar. Y si tenemos en cuenta ambas cosas, deberemos fijar un precio justo para todas las partes.<\/p>\n\n\n\n<p>La creencia de que \u201cpara bajar el precio, siempre hay tiempo\u201d, ha estado fuertemente arraigada en el sector. Pero la cuesti\u00f3n es si realmente favorece al propietario de ese inmueble salir al mercado con un primer precio inflado, ya que es dif\u00edcil saber si el exceso de precio nos dar\u00e1 margen para una buena negociaci\u00f3n o si, simplemente, espantar\u00e1 al posible comprador.<\/p>\n\n\n\n<p>El precio de venta tambi\u00e9n depende de la oferta y la demanda en cada zona. Para vender r\u00e1pido y a un precio justo, es clave fijar un precio realista desde el inicio.<\/p>\n\n\n\n<p>En Inedit, dispones de una herramienta de valoraci\u00f3n altamente precisa para conocer el valor real de mercado de tu vivienda. En menos de un minuto, obtendr\u00e1s la informaci\u00f3n clave para tomar la mejor decisi\u00f3n.<\/p>\n\n\n\n<p><\/p>\n\n\n\n<p class=\"has-text-align-center has-medium-font-size\"><strong><a href=\"https:\/\/www.trovimap.com\/valora\/agente\/530400\/search?lang=es\">VALORAR TU INMUEBLE GARATIS<\/a><\/strong><\/p>\n\n\n\n<figure class=\"wp-block-image size-large\"><img loading=\"lazy\" decoding=\"async\" width=\"576\" height=\"1024\" src=\"https:\/\/www.inedithome.com\/wp-content\/uploads\/2025\/03\/56D0100C-AC4E-45A3-B15D-780CFB6A0E88-576x1024.jpg\" alt=\"\" class=\"wp-image-437\" srcset=\"https:\/\/www.inedithome.com\/wp-content\/uploads\/2025\/03\/56D0100C-AC4E-45A3-B15D-780CFB6A0E88-576x1024.jpg 576w, https:\/\/www.inedithome.com\/wp-content\/uploads\/2025\/03\/56D0100C-AC4E-45A3-B15D-780CFB6A0E88-169x300.jpg 169w, https:\/\/www.inedithome.com\/wp-content\/uploads\/2025\/03\/56D0100C-AC4E-45A3-B15D-780CFB6A0E88-768x1365.jpg 768w, https:\/\/www.inedithome.com\/wp-content\/uploads\/2025\/03\/56D0100C-AC4E-45A3-B15D-780CFB6A0E88-864x1536.jpg 864w, https:\/\/www.inedithome.com\/wp-content\/uploads\/2025\/03\/56D0100C-AC4E-45A3-B15D-780CFB6A0E88-1152x2048.jpg 1152w, https:\/\/www.inedithome.com\/wp-content\/uploads\/2025\/03\/56D0100C-AC4E-45A3-B15D-780CFB6A0E88.jpg 1290w\" sizes=\"auto, (max-width: 576px) 100vw, 576px\" \/><\/figure>\n","protected":false},"excerpt":{"rendered":"<p>\u00bfQu\u00e9 precio de venta tiene tu vivienda? Blog 2: \u00bfQu\u00e9 precio de venta tiene tu vivienda? Si queremos poner en venta nuestra vivienda, la primera pregunta que nos haremos es el precio que debemos ponerle. Aunque en realidad, la cuesti\u00f3n m\u00e1s importante que nos deber\u00edamos plantear es saber cu\u00e1l es el valor real de la [&hellip;]<\/p>\n","protected":false},"author":1,"featured_media":0,"parent":0,"menu_order":0,"comment_status":"closed","ping_status":"closed","template":"","meta":{"footnotes":""},"class_list":["post-422","page","type-page","status-publish","hentry"],"_links":{"self":[{"href":"https:\/\/www.inedithome.com\/index.php?rest_route=\/wp\/v2\/pages\/422","targetHints":{"allow":["GET"]}}],"collection":[{"href":"https:\/\/www.inedithome.com\/index.php?rest_route=\/wp\/v2\/pages"}],"about":[{"href":"https:\/\/www.inedithome.com\/index.php?rest_route=\/wp\/v2\/types\/page"}],"author":[{"embeddable":true,"href":"https:\/\/www.inedithome.com\/index.php?rest_route=\/wp\/v2\/users\/1"}],"replies":[{"embeddable":true,"href":"https:\/\/www.inedithome.com\/index.php?rest_route=%2Fwp%2Fv2%2Fcomments&post=422"}],"version-history":[{"count":10,"href":"https:\/\/www.inedithome.com\/index.php?rest_route=\/wp\/v2\/pages\/422\/revisions"}],"predecessor-version":[{"id":482,"href":"https:\/\/www.inedithome.com\/index.php?rest_route=\/wp\/v2\/pages\/422\/revisions\/482"}],"wp:attachment":[{"href":"https:\/\/www.inedithome.com\/index.php?rest_route=%2Fwp%2Fv2%2Fmedia&parent=422"}],"curies":[{"name":"wp","href":"https:\/\/api.w.org\/{rel}","templated":true}]}}